{"id":168,"date":"2024-04-18T15:03:21","date_gmt":"2024-04-18T13:03:21","guid":{"rendered":"https:\/\/hure-consult.fr\/?page_id=168"},"modified":"2024-09-06T18:07:22","modified_gmt":"2024-09-06T16:07:22","slug":"publications","status":"publish","type":"page","link":"https:\/\/hure-consult.fr\/?page_id=168","title":{"rendered":"Publications"},"content":{"rendered":"\t\t<div data-elementor-type=\"wp-page\" data-elementor-id=\"168\" class=\"elementor elementor-168\">\n\t\t\t\t<div class=\"elementor-element elementor-element-6677bf3 e-con-full e-flex e-con e-parent\" data-id=\"6677bf3\" data-element_type=\"container\">\n\t\t<div class=\"elementor-element elementor-element-688a940 e-con-full e-flex e-con e-child\" data-id=\"688a940\" data-element_type=\"container\">\n\t\t\t\t<div class=\"elementor-element elementor-element-8898d21 elementor-widget elementor-widget-heading\" data-id=\"8898d21\" data-element_type=\"widget\" data-widget_type=\"heading.default\">\n\t\t\t\t<div class=\"elementor-widget-container\">\n\t\t\t\t\t<h2 class=\"elementor-heading-title elementor-size-default\">Pr\u00e9dire la date d'atteinte de stades ph\u00e9nologiques chez la vigne - 07 mai 2024<\/h2>\t\t\t\t<\/div>\n\t\t\t\t<\/div>\n\t\t\t\t<div class=\"elementor-element elementor-element-6c2759b elementor-widget__width-inherit elementor-widget elementor-widget-text-editor\" data-id=\"6c2759b\" data-element_type=\"widget\" data-widget_type=\"text-editor.default\">\n\t\t\t\t<div class=\"elementor-widget-container\">\n\t\t\t\t\t\t\t\t\t<p>Le mod\u00e8le BRIN, combinaison de deux mod\u00e8les utilis\u00e9s pour l&rsquo;arboriculture, propose de pr\u00e9dire la date de d\u00e9bourrement de plusieurs c\u00e9pages uniquement \u00e0 l&rsquo;aide des temp\u00e9ratures. Les dates d&rsquo;atteinte d&rsquo;autres stades ph\u00e9nologiques peuvent ainsi ensuite \u00eatre calcul\u00e9es \u00e0 partir de la date de d\u00e9bourrement, l\u00e0 encore uniquement gr\u00e2ce \u00e0 la variable \u00ab\u00a0temp\u00e9rature\u00a0\u00bb.<\/p><p><em>Ces mod\u00e8les relativement simples sont-ils coh\u00e9rents avec les observations terrain ? Comment les utiliser pour pr\u00e9dire une date de floraison \u00e0 moyen et long terme en fonction du changement climatique ?<\/em><\/p>\t\t\t\t\t\t\t\t<\/div>\n\t\t\t\t<\/div>\n\t\t\t\t<\/div>\n\t\t<div class=\"elementor-element elementor-element-47898e9 e-con-full e-flex e-con e-child\" data-id=\"47898e9\" data-element_type=\"container\">\n\t\t\t\t<div class=\"elementor-element elementor-element-0418d6e elementor-align-center elementor-widget elementor-widget-button\" data-id=\"0418d6e\" data-element_type=\"widget\" data-widget_type=\"button.default\">\n\t\t\t\t<div class=\"elementor-widget-container\">\n\t\t\t\t\t\t\t\t\t<div class=\"elementor-button-wrapper\">\n\t\t\t\t\t<a class=\"elementor-button elementor-button-link elementor-size-sm\" href=\"https:\/\/hure-consult.fr\/?cat=1\">\n\t\t\t\t\t\t<span class=\"elementor-button-content-wrapper\">\n\t\t\t\t\t\t\t\t\t<span class=\"elementor-button-text\">D\u00e9couvrir la suite<\/span>\n\t\t\t\t\t<\/span>\n\t\t\t\t\t<\/a>\n\t\t\t\t<\/div>\n\t\t\t\t\t\t\t\t<\/div>\n\t\t\t\t<\/div>\n\t\t\t\t<\/div>\n\t\t\t\t<\/div>\n\t\t<div class=\"elementor-element elementor-element-ab1d670 e-con-full e-flex e-con e-parent\" data-id=\"ab1d670\" data-element_type=\"container\">\n\t\t\t\t<div class=\"elementor-element elementor-element-b409b7a elementor-widget__width-inherit elementor-widget-divider--view-line elementor-widget elementor-widget-divider\" data-id=\"b409b7a\" data-element_type=\"widget\" data-widget_type=\"divider.default\">\n\t\t\t\t<div class=\"elementor-widget-container\">\n\t\t\t\t\t\t\t<div class=\"elementor-divider\">\n\t\t\t<span class=\"elementor-divider-separator\">\n\t\t\t\t\t\t<\/span>\n\t\t<\/div>\n\t\t\t\t\t\t<\/div>\n\t\t\t\t<\/div>\n\t\t\t\t<\/div>\n\t\t\t\t<\/div>\n\t\t","protected":false},"excerpt":{"rendered":"<p>Pr\u00e9dire la date d&rsquo;atteinte de stades ph\u00e9nologiques chez la vigne &#8211; 07 mai 2024 Le mod\u00e8le BRIN, combinaison de deux mod\u00e8les utilis\u00e9s pour l&rsquo;arboriculture, propose de pr\u00e9dire la date de d\u00e9bourrement de plusieurs c\u00e9pages uniquement \u00e0 l&rsquo;aide des temp\u00e9ratures. Les dates d&rsquo;atteinte d&rsquo;autres stades ph\u00e9nologiques peuvent ainsi ensuite \u00eatre calcul\u00e9es \u00e0 partir de la date [&hellip;]<\/p>\n","protected":false},"author":1,"featured_media":0,"parent":0,"menu_order":0,"comment_status":"closed","ping_status":"closed","template":"elementor_header_footer","meta":{"footnotes":""},"_links":{"self":[{"href":"https:\/\/hure-consult.fr\/index.php?rest_route=\/wp\/v2\/pages\/168"}],"collection":[{"href":"https:\/\/hure-consult.fr\/index.php?rest_route=\/wp\/v2\/pages"}],"about":[{"href":"https:\/\/hure-consult.fr\/index.php?rest_route=\/wp\/v2\/types\/page"}],"author":[{"embeddable":true,"href":"https:\/\/hure-consult.fr\/index.php?rest_route=\/wp\/v2\/users\/1"}],"replies":[{"embeddable":true,"href":"https:\/\/hure-consult.fr\/index.php?rest_route=%2Fwp%2Fv2%2Fcomments&post=168"}],"version-history":[{"count":64,"href":"https:\/\/hure-consult.fr\/index.php?rest_route=\/wp\/v2\/pages\/168\/revisions"}],"predecessor-version":[{"id":638,"href":"https:\/\/hure-consult.fr\/index.php?rest_route=\/wp\/v2\/pages\/168\/revisions\/638"}],"wp:attachment":[{"href":"https:\/\/hure-consult.fr\/index.php?rest_route=%2Fwp%2Fv2%2Fmedia&parent=168"}],"curies":[{"name":"wp","href":"https:\/\/api.w.org\/{rel}","templated":true}]}}